What is v(c)?
9
Let z(v) be the first derivative of -v**4/4 - 5*v**3/3 + 5*v**2/2 - v - 101. Determine z(-6).
5
Let j(b) = 7 - 11 - 8 + 5*b**2 - b**3 + 8*b. Let t be j(6). Let s(a) = -17 - a + 0*a**3 + a**2 + 6*a**3 + t*a**3 - 5*a**3. Calculate s(0).
-17
Suppose -2*b + 3 = 2*b - 3*n, 5*b = 2*n + 9. Let p(y) = -14*y**3 + 2*y - 4*y**b + 17*y**3 - 10*y**2 - 4*y**2 - 8 - 16*y. Give p(-13).
5
Suppose -3*x = v - 7, 0*v + 2*v - x + 14 = 0. Let q(a) = -44*a - 45. Let f(c) = -12*c - 15. Let b(g) = -4*f(g) + q(g). Give b(v).
-5
Let b(a) be the second derivative of -7/12*a**4 + 2*a**2 + 0 - 1/20*a**5 + 61*a - a**3. Calculate b(-6).
4
Let w(j) = 8*j**3 - j**2 - j + 1. Let l be w(1). Suppose 0 = -l*c - 15 + 36. Let o(r) = -c*r + 26 + 0*r - 43 + 27. Calculate o(9).
-17
Suppose 2*c + c = -5*z - 21, -2*z - 24 = -4*c. Let d(s) = -5*s - 1. Calculate d(c).
-16
Let l(v) = -v**2 - v + 1. Let o = 298 + -298. Calculate l(o).
1
Let c(p) = -p**2 + 3 - 50*p**2 - 10*p**2 - 20 - 14*p - 4*p**2. Let r(g) = g**2 + 4*g + 6 + g + 21*g**2. Let b(o) = -6*c(o) - 17*r(o). Give b(-1).
17
Let l(r) = r**3 + 16*r**2 + 17*r + 32. Suppose c + 1966*j - 1964*j = -27, -4*j = 3*c + 69. Give l(c).
2
Let n = 207 + -215. Let c(o) be the second derivative of -o**3/6 - 3*o**2 + 5*o - 2. Give c(n).
2
Let b(s) = -3*s**2 + 5*s + 1. Let n(y) = -y**2 + y. Let m(w) = -b(w) + 4*n(w). Let q(v) = v - 10. Let c be ((-252)/(-54))/(2/3). Let i be q(c). Determine m(i).
-7
Let i(b) = -b**2 + 8*b + 11. Suppose 26*a - 3*x = 21*a - 353, a - 5*x + 75 = 0. Let w = 80 + a. Give i(w).
-9
Suppose -3*b = -3*w + 88 + 113, 2*b + w + 143 = 0. Let y = -54 + -21. Let q = y - b. Let n(r) = r**2 + 4*r + 5. Calculate n(q).
10
Let j(r) = 9*r - 10*r + 10*r - 42 + 14*r. Calculate j(2).
4
Let h be 4/7*(182/4)/13. Suppose -3*r + 2 = -p, 8*p - 7*p - r + h = 0. Let x(n) = -13*n + 7. Let v(u) = -u + 1. Let j(k) = -6*v(k) + x(k). Give j(p).
15
Suppose 4*v = -5*t - 0*t - 1923, -1471 = 3*v - 2*t. Let s = -260 - v. Let j(z) = z**3 + 223 - 8*z**2 + s - 444. Give j(8).
6
Let t be (16/56)/(57/(-21) - -3). Let n(u) = 69*u - 74. What is n(t)?
-5
Let f(s) = -4*s - 3. Let a(d) = 2*d + 19. Let r be a(0). Let j(z) = 8 - 7*z - 13*z**2 - r*z**2 + 33*z**2. Let n be j(5). What is f(n)?
5
Suppose 0*w + 135 = 3*w. Suppose -6*z - 3 - w = 0. Let x(l) = l**3 + 8*l**2 - 2*l - 3. Calculate x(z).
13
Let g(k) = k**3 - 9*k**2 - 10*k - 3. Suppose 276 + 0 = -6*d. Let r = 43 + d. Let u = 7 - r. What is g(u)?
-3
Let p be 5 + (-5 - -2) - (8 - 4). Let k(l) be the second derivative of -l**5/10 + l**4/12 + l**2 - 563*l. Calculate k(p).
22
Let h(x) = -x**3 + 10*x**2 + 4*x - 13. Let m be (2/((-8)/15))/(18/(-48)). Let b be h(m). Let i = -25 + b. Let u(y) = -y**2 + 4*y - 3. Calculate u(i).
1
Let h be 1/(-2)*3*2. Suppose 4*j + j = 3*f + 4, 2*f + j - 6 = 0. Let p(k) = 102 + f*k**3 - 3*k - 4*k**2 - 3*k**3 - 53 - 50. Calculate p(h).
-1
Let s(q) be the third derivative of q**6/30 + q**5/30 - q**4/12 + q**3/6 + 120*q**2 + 304. Suppose 0 = 2*o + k - 5, o + 3*k = 8*k - 14. Calculate s(o).
5
Suppose t + 14 + 6 = 3*l, 5*l + t = 20. Let g(z) be the first derivative of -6*z + 1/3*z**3 - 16 - 2*z**2. What is g(l)?
-1
Let t(o) = 46*o - o**2 - 20*o - 15*o - 26. Determine t(10).
-16
Let m(q) = 211*q - 13. Let r(a) = 106*a + 1. Let z(l) = m(l) - 2*r(l). What is z(10)?
-25
Let y(x) = 19*x**3 + 7*x**2 - 11*x - 39. Let r(q) = 41*q**3 + 15*q**2 - 24*q - 79. Let j(i) = 6*r(i) - 13*y(i). Calculate j(0).
33
Let n(z) = z**3 - z**2 + 9. Let h(o) = 8*o - 16. Let i = 52 + -50. Let k be h(i). Determine n(k).
9
Let l be 600/(-1050) - ((-246)/(-35) + 4/10). Let y(p) = 5*p - 9. What is y(l)?
-49
Suppose -8*z + 1 = -15. Let p(t) = 6*t + 10 + 11*t**z + 7*t**2 - 17*t**2 - 5. Determine p(-6).
5
Let a(m) be the first derivative of -19*m**4/4 + m**2/2 + 1478. What is a(1)?
-18
Let o(g) = -g. Let h(l) = 7*l + l - 2*l - 7*l. Let x(q) = 6*h(q) - 5*o(q). Let d(u) = 5*u - 12. Let z(f) = -d(f) - 6*x(f). Calculate z(-10).
2
Let s(d) = 35*d + 2678. Let n(p) = 9*p + 659. Let l(r) = -17*n(r) + 4*s(r). What is l(-38)?
3
Let n(h) = 3*h**2 - 13*h - 5. Let w(k) = -2*k**2 + 2*k. Let q(c) = n(c) + 2*w(c). Let r = -2 - -6. Suppose 2*f + 5*g = -1, -3*f = -2*f - r*g + 20. What is q(f)?
3
Let u(h) = 31*h**3 + 2*h**2 - 2*h - 3. Let v(w) = 30*w**3 + 2*w**2 - w - 2. Let q(y) = 3*u(y) - 4*v(y). Give q(-1).
26
Suppose -4*y = -26 + 18. Suppose y*l = l + 2. Suppose 4*f + 5*i + 30 = 0, 0 = 2*f - 3*f - l*i - 6. Let w(n) = -n**3 - 10*n**2 + n + 13. Calculate w(f).
3
Let v(y) = y**3 + 9*y + 1. Let h(k) = -7*k**3 - 7*k**2 - 54*k - 2. Let t(c) = h(c) + 6*v(c). What is t(-7)?
4
Let c = -36 - -51. Let s(y) = 5 + 15*y - 29*y + c*y. Calculate s(-9).
-4
Let n(p) = -13*p**3 + 55*p**2 - 22*p + 57. Let f(b) = -9*b**3 + 38*b**2 - 15*b + 38. Let x(k) = -10*f(k) + 7*n(k). Determine x(5).
-1
Suppose -4*b + 0*o + 27 = -o, -2*b + 41 = 5*o. Let t(d) = -14*d**2 - 6*d + 1. Let s(p) = -5*p**2 - 3*p + 1. Let v(l) = 11*s(l) - 4*t(l). Calculate v(b).
-1
Suppose r = 2*z, 2*z + 18 = z - 4*r. Let u(m) = 12*m**2 + 6*m + 5. Let p be u(-1). Let h(g) = -p*g + 0*g + 9*g + 0*g**2 - g**2. What is h(z)?
0
Let v(r) = -r**2. Suppose 14 = -3*f + 5*x, 2*x - 7*x = -20. Let i = 7 - 2. Suppose -f*o = i*o. Give v(o).
0
Suppose -144 = -89*v + 212. Let w(u) be the third derivative of 0*u - 5/24*u**v + 1/6*u**3 - 17*u**2 + 0. Calculate w(5).
-24
Let l be (-8)/10 + 40200/250. Suppose -17*k = 3*k - l. Let g(y) = -y**2 + 7*y + 2. What is g(k)?
-6
Let u = 7854 - 7860. Let m(r) = -r**2 + 4*r - 3. Let k(z) = -2*z**2 + 4*z - 2. Let a(b) = 2*k(b) - 3*m(b). Calculate a(u).
-7
Let a(p) = -5*p**3 - 5*p**2 + 2*p - 21. Let l(b) = 9*b**3 + 8*b**2 - 2*b + 39. Let m(i) = -7*a(i) - 4*l(i). Give m(-3).
63
Let h(n) = 2*n**2 - 25*n + 8. Let a be h(12). Let s(c) = -16*c + 18. Give s(a).
82
Let d(g) = g**2 + g + 3. Let x be d(0). Let n(p) = 2 + 2 - x - 5*p. Suppose 81*i - 301 = -4*a + 20*i, -25 = -5*i. Calculate n(a).
6
Suppose 6*n - 6*z + 98 = -2*z, -2*n + 4*z - 46 = 0. Let q(k) = -k**2 - 5*k + 102. Give q(n).
-2
Let m(z) = -2*z + 2. Suppose -10*o + 30 = -8*o. Let c(p) = p**3 - 15*p**2 - 2*p - 48. Let y be c(o). Let t = y - -73. Determine m(t).
12
Let j(y) = y + 12. Let i be j(-5). Suppose -g + 9 = 3*u - 2, i = -4*g + 5*u. Let a(w) = -1 - 6*w**2 + 13*w**2 - 12*w**g + 2*w + 0. What is a(1)?
-4
Let o(f) be the first derivative of -f**3/2 - 9*f**2/2 + 70*f + 6. Let k(p) be the first derivative of o(p). Calculate k(-6).
9
Let q(d) = -11*d + 95. Let f be q(8). Let w(p) = 3 - 4 + 32*p**3 + 7*p**2 + 31*p**3 - 64*p**3 - f*p. Determine w(5).
14
Let s = 487 - 480. Let m(f) = -f - 28 + 13 + 3 + s. Suppose -4*k + 5*o = 23, 3*k - 3*o + 20 = -2*o. Calculate m(k).
2
Let q(u) = -2*u - 22. Suppose -20 = -162*g + 163*g + 3*f, 4*g - 2*f = -38. Calculate q(g).
0
Let v(t) = -t**3 - 4*t - 1. Let i(z) = -2*z**3 - z**2 - 4*z - 1. Let d(a) = -2*i(a) + 3*v(a). Let n = 347 + -350. Determine d(n).
2
Let i(m) = -13*m + 129. Let k(q) = 35*q - 394. Let r(f) = 17*i(f) + 6*k(f). What is r(-16)?
5
Let u(l) = -l + 6. Let g(w) = -3*w + 7. Let p(j) = -2*g(j) + 3*u(j). Let z be 0*(-2)/(-4) - -2. Suppose -5*t - 9 - 15 = 3*f, 0 = 3*t - z*f + 3. Determine p(t).
-5
Let n(l) = 19*l**2 - 2*l - 1. Let f(c) = -6*c + c + 31 + 3*c - 4. Let m be f(14). Determine n(m).
20
Suppose 13*s - 33*s = -1060. Let d(q) = -51*q - 3 - s*q + 100*q. Let o be (-24)/9 + 2/3. Give d(o).
5
Let t(l) = l + 21. Let i = 3676 + -3671. Give t(i).
26
Suppose 0 = -3*z + 4*i + 28 - 38, -i = z - 6. Let m(j) be the first derivative of 3/2*j**z + 0*j + 20. Determine m(-2).
-6
Let g(c) be the second derivative of c**5/20 + 5*c**4/12 - c**2/2 - 9*c - 2. Let p = 29 + -20. Let a be -2 - (0 + p/3). Calculate g(a).
-1
Let p(j) = 2*j - 33. Suppose -5*m + 157 = -4*y + 83, m - 12 = -2*y. Give p(m).
-5
Let a(k) be the first derivative of 5*k**2/2 - 8*k + 100. Let p(u) = 4*u - 7. Let y(d) = 3*a(d) - 4*p(d). Let h be 3/6 + 18/(-4). What is y(h)?
8
Let m be 1/((-6)/(-2) - 4). Let g = m + 3. Let r(q) = -33*q**3 - 25*q**3 + g + 5*q**2 + 59*q**3 + 4*q. Give r(-2).
6
Let h(s) = -s**2 - s - 21. Let n = 121 - 116. Suppose -3*y = -n*l - 6, 3*y - 5 = 3*l + 1. Determine h(l).
-21
Let i = -2827 - -2830. Let t(l) = -4*l - 8. Give t(i).
-20
Let r(k) = -59*k**2 + 11*k + 7. Let q(p) = 79*p**2 - 11*p - 5